- 5*l. What are the prime factors of q(l)?
2, 167
What are the prime factors of 16 - (24 - 63211) - -1?
2, 3, 23, 229
Let z = 61 + -61. Suppose 11*i + 243 + 230 = z. Let l = i - -167. List the prime factors of l.
2, 31
Let h(d) = d**2 - 2*d + 12. Let l be h(0). Suppose -7*g + 23 + l = 0. Let u(i) = i**2 + 13*i + 7. What are the prime factors of u(g)?
97
Let r(z) = z**3 + 10*z**2 - 10*z + 8. Let k be r(-11). Let p = k - -6. Suppose 0 = -p*a + 12, -2*a = -3*n + 3*a + 400. List the prime factors of n.
2, 5, 7
Let u = 53 - 49. Suppose 4*g - u*o = -o, 4*o + 7 = 3*g. List the prime factors of (-348)/(-6)*g/(-2).
3, 29
Let c(o) = -o**3 + 51*o**2 - 30*o + 941. List the prime factors of c(47).
3, 2789
Suppose 0 = -6*q + 4*q + 3576. Suppose -27*d + 23*d = -q. List the prime factors of d.
3, 149
Suppose 12*p = -237 - 87. Let h(y) = y**2 + 19*y - 45. What are the prime factors of h(p)?
3, 19
Suppose -8*j = 48*j - 672. Suppose -j*m + 13739 = -2917. What are the prime factors of m?
2, 347
Suppose -134*s + 136*s - 12 = 0. What are the prime factors of 3/s*1220 - 8/2?
2, 3, 101
Suppose -w - 88 + 798 = 0. Let h = 1370 - w. Suppose -3*c + h = 4*k + c, -496 = -3*k - 2*c. What are the prime factors of k?
2, 83
Let u = -27011 - -42484. What are the prime factors of u?
15473
Let y(n) = 6*n - 42. Let j be y(7). Suppose -9*k + 0 = -j. Suppose 14*o = -k*o + 1218. List the prime factors of o.
3, 29
Suppose 2*l + 2*d - 24 = 0, -5*d + 3 = -l - 3. Suppose 2030 = l*m - 490. What are the prime factors of m?
2, 5, 7
Let z(b) = -16851*b**3 + 24*b**2 + 25*b + 2. List the prime factors of z(-1).
2, 11, 383
Let i(x) = 25*x**2 + 2*x. Let k(r) = -2*r + 5. Let d be k(2). Let u be i(d). Suppose -u*p - 576 = -33*p. List the prime factors of p.
2, 3
Let h = -247 + 493. Let g = -372 + h. Let i = -63 - g. List the prime factors of i.
3, 7
Suppose 3*i - 10 = -2*i, 68730 = 3*z - 3*i. What are the prime factors of z?
2, 179
Suppose -5*a = 3*n - 1074, 0 = 3*a - 0*a - 4*n - 656. Let x = -132 - -75. Let j = a + x. What are the prime factors of j?
3, 53
Let l(g) = 7*g**2 + 3*g - 4. Let m be l(1). Suppose 0 = d + 5*f - 100, -m*f + 120 = d - 5*f. List the prime factors of d.
5
List the prime factors of 3321 + (72/(-42))/((-2)/7).
3, 1109
Let a = 254 - 95. Let z = 453 - a. What are the prime factors of z?
2, 3, 7
Suppose -3*f = x - 32, x + 6*f - 5*f - 42 = 0. Suppose -x - 293 = -10*r. List the prime factors of r.
2, 17
Let d(f) = 21*f - 14. Let o be d(-2). Let g = o + 58. Suppose -6*q = -g*q - 660. What are the prime factors of q?
3, 5, 11
Let q(y) = 42 - 76*y + 53 + 118*y. List the prime factors of q(10).
5, 103
Let i be -2 - 0 - -1 - -4. Suppose 2*t + 10 = 2*g, 25 = 5*t + 2*g + i*g. Suppose 0 = -x - 3*q + 11, t = -x + 4*q - 2 - 8. List the prime factors of x.
2
Let u(r) = 487*r**2 + 23*r + 336. List the prime factors of u(-11).
2, 3, 5, 7, 281
Let q(w) = 3 - 4*w - 15 + 6. Let z be q(-6). Let b = z + -15. What are the prime factors of b?
3
Let j(w) = -60*w - 65 - 144*w + 225*w - 110*w. List the prime factors of j(-6).
7, 67
Suppose 3*i - 4111 = l, 2*i - 2746 = -l - l. Suppose 2*d = 6*d + 2*w - 1822, -3*d = -3*w - i. What are the prime factors of d?
2, 3, 19
Let v(j) = -5*j - 50. Suppose 2*o - 6*t = -3*t - 12, -4*t = 4*o + 64. Let b be v(o). List the prime factors of 4 - (32/b)/((-2)/90).
2, 37
Let c(o) = 10*o - 6. Suppose 0 = -j + 4*b + 13, 3*j = -3*b - 4 + 13. Suppose -j*m + 30 = n, -7 = -5*n - 2*m + 28. List the prime factors of c(n).
2, 11
Suppose 1252 = -3*c + 5*o, 10*o = 6*o - 4. Let y = c - -641. What are the prime factors of y?
2, 3, 37
Let o(n) = -3*n**2 - 15*n - 16. Let z be ((1/(-2))/(5/50))/1. Let q be o(z). What are the prime factors of ((-12)/q)/((-2)/(-208))?
2, 3, 13
Let q(t) = 7*t**2 - 8*t - 33. Let r be q(-3). List the prime factors of 20/45 + 50412/r.
2, 467
Suppose -3*d - 2*d - t - 573 = 0, 4*d + 2*t + 462 = 0. Let l = 164 + d. What are the prime factors of l?
2, 5
Let c = -39419 - -55043. List the prime factors of c.
2, 3, 7, 31
What are the prime factors of 10536 - ((-42)/(-231) - 27/(-33))?
5, 7, 43
Let v = 3836 - 2383. List the prime factors of v.
1453
Let k(t) = -3112*t + 258. List the prime factors of k(-2).
2, 7, 463
Suppose 0 = -4*r + 4*p - 1232, -3 = -p + 2. Let o = r - -72. Let g = -152 - o. List the prime factors of g.
79
Let b = 407 + -1365. What are the prime factors of b*((-15)/22 + (-36)/(-198))?
479
Let d(u) = -u**3 + 4 + 7 + 2 - 10*u - 13*u**2. What are the prime factors of d(-15)?
613
Suppose 0 = n - 5*q - 30, -n + 1 = -4*q - 25. Suppose 4*j - n*z - 131 = -5*z, j + 3*z - 20 = 0. List the prime factors of j.
29
Let l(p) = -1311*p + 48. What are the prime factors of l(-15)?
3, 6571
Let l = 77 + -16. Suppose -l = -6*u - 61. Suppose -9*n + 2385 - 207 = u. List the prime factors of n.
2, 11
Suppose 3*d - 3*t = 3*d - 3*d + 40980, 3*t = 0. What are the prime factors of d?
2, 5, 683
Suppose -7*p + 12*p = 85*p - 654800. List the prime factors of p.
5, 1637
Suppose h + 3*d - 348 = 0, 3*d + 553 = 4*h - 794. List the prime factors of h.
3, 113
Let a = 2086 + -1388. Suppose -1252 = -6*r + a. What are the prime factors of r?
5, 13
Let u be (2 + -4)*1 - 4. Let a(o) = -3*o**3 + 3*o**2 - 8*o + 6. List the prime factors of a(u).
2, 3, 5
Let g(m) be the second derivative of -5*m**3/3 + 91*m**2 + 9*m + 4. What are the prime factors of g(-24)?
2, 211
Let n(z) = 14 + 0 + 139*z - 39*z + 7*z. List the prime factors of n(2).
2, 3, 19
Let k(w) = w**2 - 13*w - 13. Let i(y) = 2*y**2 - 25*y - 24. Let h(o) = 6*i(o) - 11*k(o). List the prime factors of h(29).
7, 13
Let f be 749/2*1*4/7. Suppose 4*r - 400 = 4*v, 16*r - 18*r - 5*v + f = 0. List the prime factors of r.
2, 3, 17
List the prime factors of (33691/(-14))/((-3)/60) + (0 - 5).
5, 7, 11
List the prime factors of (-436317)/(-84) + (-9)/(-12).
5, 1039
Suppose 0 = -17*m + 3598 - 215. Suppose 0 = -4*u + 4*z + 432, -2*z = 2*u - 29 - m. What are the prime factors of u?
3, 37
Suppose -5*c = -2*g - 6, -3*c + 4*c = 4. Let p = g - -82. What are the prime factors of p?
89
Suppose -3*a = 5*m - 6285, 3339 = 2*a + m - 844. List the prime factors of a.
2, 5, 11, 19
Suppose 58*z - 12774 = -942. List the prime factors of z.
2, 3, 17
Let o(b) = -266*b + 4050. What are the prime factors of o(-69)?
2, 3, 1867
Let n be (15/18)/((-2)/(-12)). Suppose 0 = k + n*d - 777, k - d - 3*d = 759. List the prime factors of k.
13, 59
Let b(z) = 2*z**3 - 7*z**2 + 260*z + 191. What are the prime factors of b(36)?
71, 1321
Suppose 0*j + 7 = -2*n - 3*j, -2*j - 23 = 5*n. Let p be ((-28)/(-32)*-2)/(n/20). Suppose -27 - p = -2*k. What are the prime factors of k?
17
Suppose -78 + 43 = -7*n. Let z(h) = 74*h + 68. List the prime factors of z(n).
2, 3, 73
Suppose 0 = 3*y + v - 47, 19*y - 22*y - 4*v = -44. What are the prime factors of -4 + 6964/y + 2/(-8)?
431
Let j = 34 - 37. Let a(k) = -k + 1. Let v be a(j). Suppose -3*n - 4*o - 28 = -313, v*n - 380 = -2*o. What are the prime factors of n?
5, 19
Suppose -48*y = -20*y - 1652. Suppose -y*m + 65*m = 1200. What are the prime factors of m?
2, 5
Let m = 69 + -65. Suppose q = -m*q + 15. Suppose w - 5*g = 157, -2*g = q*w + 2*g - 490. What are the prime factors of w?
2, 3
Suppose 0 = o + 4*f - 9, o = 5*f + 40 - 4. Let t(u) = -27 + u**2 + 29 - o*u + 32. What are the prime factors of t(22)?
2, 7
Let i(l) be the third derivative of -l**4/12 - l**3/6 + 12*l**2. Let a be i(-6). Let y = 29 - a. What are the prime factors of y?
2, 3
Suppose -30569 = -34*x + 257241. List the prime factors of x.
5, 1693
Let g be 3 + -6 + 10 + (-35)/5. Suppose -11*c + 3582 + 2710 = g. What are the prime factors of c?
2, 11, 13
Let l = -13302 - -47170. List the prime factors of l.
2, 8467
Let f = 28009 + -11428. List the prime factors of f.
3, 5527
Let x = -6 - -43. Suppose 32*u = x*u - 160. What are the prime factors of (-1)/(-3) + u/12 + 35?
2, 19
Let s = 143 + 27548. What are the prime factors of s?
27691
Suppose -26*i + 2176 = -9*i. Suppose i = c + c. List the prime factors of c.
2
Suppose -2*s - o - 1321 = s, -3*s - 3*o - 1323 = 0. Let r = -163 - s. What are the prime factors of r?
277
Let w = -1683 - -13019. What are the prime factors of w?
2, 13, 109
Suppose 9*h - 119502 = 7*h. Let z be (-2)/(-5) - h/(-135). Let n = -299 + z. List the prime factors 